ate the greatest common factor of 5255 and 10.
5
What is the greatest common divisor of 10 and 880?
10
Calculate the highest common divisor of 118 and 32.
2
What is the highest common factor of 152 and 64?
8
Calculate the greatest common factor of 45 and 795.
15
What is the highest common factor of 170 and 272?
34
What is the highest common factor of 507 and 78?
39
What is the highest common factor of 5263 and 703?
19
Calculate the highest common factor of 64 and 48.
16
Calculate the highest common factor of 4 and 122.
2
What is the greatest common divisor of 680 and 51?
17
What is the greatest common divisor of 236 and 590?
118
What is the highest common divisor of 15 and 211?
1
What is the highest common factor of 22 and 11?
11
Calculate the greatest common factor of 11 and 1815.
11
Calculate the highest common factor of 16 and 6.
2
What is the highest common factor of 459 and 2808?
27
Calculate the highest common divisor of 14 and 7.
7
What is the greatest common divisor of 588 and 564?
12
What is the greatest common factor of 26 and 13?
13
What is the greatest common divisor of 784 and 448?
112
What is the greatest common factor of 2816 and 44?
44
Calculate the greatest common factor of 21296 and 176.
176
Calculate the highest common divisor of 202 and 2.
2
Calculate the greatest common divisor of 62 and 8.
2
Calculate the greatest common factor of 12 and 6468.
12
Calculate the greatest common divisor of 1197 and 627.
57
What is the greatest common factor of 1044 and 288?
36
What is the highest common factor of 60 and 12972?
12
Calculate the highest common divisor of 27 and 33.
3
Calculate the greatest common divisor of 522 and 162.
18
What is the greatest common factor of 54 and 1098?
18
What is the greatest common divisor of 71 and 12709?
71
Calculate the highest common factor of 22 and 352.
22
Calculate the greatest common factor of 5 and 22.
1
What is the highest common divisor of 374 and 136?
34
Calculate the highest common factor of 260 and 3185.
65
What is the greatest common factor of 351 and 27?
27
Calculate the highest common factor of 9 and 191.
1
Calculate the greatest common factor of 198 and 154.
22
Calculate the highest common factor of 44 and 5654.
22
What is the highest common divisor of 10 and 800?
10
Calculate the greatest common divisor of 78 and 4693.
13
What is the highest common divisor of 518 and 42?
14
What is the greatest common divisor of 5080 and 15?
5
Calculate the highest common divisor of 15924 and 12.
12
What is the greatest common divisor of 310 and 770?
10
Calculate the greatest common factor of 7 and 623.
7
Calculate the greatest common factor of 102 and 1054.
34
What is the highest common divisor of 3058 and 139?
139
Calculate the greatest common factor of 369 and 41.
41
Calculate the highest common divisor of 16 and 4304.
16
What is the highest common divisor of 70 and 28?
14
What is the greatest common divisor of 931 and 95?
19
What is the highest common divisor of 1921 and 17?
17
Calculate the highest common factor of 10 and 10.
10
What is the greatest common divisor of 546 and 1326?
78
Calculate the greatest common divisor of 99 and 66.
33
Calculate the highest common factor of 33 and 462.
33
What is the highest common factor of 35 and 259?
7
Calculate the greatest common factor of 1540 and 22176.
308
Calculate the highest common factor of 42 and 348.
6
What is the highest common divisor of 731 and 17?
17
What is the highest common factor of 532 and 152?
76
What is the highest common divisor of 31 and 589?
31
What is the highest common factor of 305 and 1525?
305
Calculate the greatest common factor of 15 and 345.
15
What is the highest common divisor of 140 and 17780?
140
What is the greatest common factor of 24 and 184?
8
Calculate the greatest common divisor of 4 and 178.
2
Calculate the greatest common factor of 1760 and 902.
22
Calculate the greatest common divisor of 14 and 322.
14
Calculate the highest common divisor of 7140 and 240.
60
What is the highest common divisor of 522 and 116?
58
Calculate the greatest common factor of 2491 and 106.
53
What is the highest common factor of 4429 and 43?
43
Calculate the greatest common factor of 31 and 1333.
31
What is the highest common divisor of 238 and 374?
34
Calculate the highest common factor of 56 and 7756.
28
Calculate the highest common factor of 38 and 2318.
38
What is the highest common divisor of 15 and 45?
15
What is the greatest common factor of 30 and 228?
6
What is the highest common factor of 120 and 160?
40
Calculate the highest common divisor of 170 and 102.
34
What is the highest common factor of 16 and 2768?
16
Calculate the highest common divisor of 45 and 1020.
15
What is the highest common factor of 1 and 73?
1
What is the greatest common divisor of 868 and 756?
28
Calculate the greatest common factor of 13821 and 6.
3
What is the greatest common divisor of 861 and 21?
21
What is the highest common divisor of 12 and 35148?
12
Calculate the highest common factor of 1102 and 38.
38
Calculate the greatest common factor of 91 and 1645.
7
What is the greatest common factor of 176 and 11?
11
Calculate the greatest common factor of 504 and 189.
63
Calculate the greatest common factor of 3186 and 767.
59
What is the highest common divisor of 6804 and 72?
36
Calculate the highest common factor of 4414 and 2.
2
What is the highest common factor of 12 and 282?
6
Calculate the greatest common divisor of 42 and 196.
14
What is the greatest common divisor of 48 and 384?
48
What is the greatest common divisor of 158 and 2?
2
Calculate the greatest common factor of 280 and 28.
28
Calculate the highest common factor of 86 and 8.
2
Calculate the greatest common divisor of 234 and 819.
117
Calculate the greatest common factor of 140 and 7.
7
Calculate the greatest common divisor of 27 and 4860.
27
What is the highest common divisor of 21 and 469?
7
Calculate the greatest common factor of 4 and 2.
2
Calculate the greatest common factor of 670 and 55.
5
Calculate the greatest common factor of 2499 and 1224.
51
Calculate the highest common factor of 2813 and 145.
29
Calculate the greatest common factor of 38 and 133.
19
Calculate the highest common divisor of 1040 and 160.
80
Calculate the greatest common factor of 84 and 20.
4
Calculate the greatest common divisor of 5845 and 1503.
167
What is the highest common divisor of 114 and 1121?
19
Calculate the greatest common divisor of 42 and 12.
6
Calculate the highest common factor of 1295 and 245.
35
Calculate the highest common divisor of 2074 and 136.
34
What is the greatest common factor of 1254 and 38?
38
What is the highest common factor of 4336 and 32?
16
What is the greatest common divisor of 217 and 35?
7
What is the greatest common divisor of 78 and 1365?
39
What is the highest common divisor of 72 and 684?
36
Calculate the highest common divisor of 245 and 98.
49
Calculate the highest common factor of 192 and 336.
48
Calculate the highest common divisor of 612 and 561.
51
What is the greatest common factor of 495 and 90?
45
What is the greatest common factor of 209 and 66?
11
Calculate the highest common factor of 35 and 1995.
35
What is the greatest common factor of 49 and 784?
49
Calculate the greatest common divisor of 1645 and 47.
47
Calculate the highest common divisor of 435 and 60.
15
What is the greatest common divisor of 14 and 3442?
2
What is the highest common factor of 102 and 18734?
34
What is the highest common divisor of 60 and 42?
6
Calculate the greatest common factor of 22557 and 219.
219
Calculate the highest common factor of 620 and 496.
124
What is the highest common divisor of 16 and 1104?
16
Calculate the greatest common factor of 96322 and 34.
34
Calculate the highest common factor of 61 and 61.
61
What is the highest common divisor of 6440 and 40?
40
Calculate the highest common divisor of 318 and 795.
159
What is the greatest common divisor of 10 and 225?
5
Calculate the greatest common factor of 81 and 135.
27
Calculate the highest common factor of 328 and 615.
41
Calculate the highest common factor of 888 and 4662.
222
Calculate the highest common factor of 28 and 16.
4
Calculate the greatest common divisor of 30 and 54.
6
What is the greatest common factor o